{"id":526,"date":"2023-09-12T08:42:42","date_gmt":"2023-09-12T01:42:42","guid":{"rendered":"https:\/\/traquantaman.vn\/?post_type=product&#038;p=526"},"modified":"2024-05-10T12:53:35","modified_gmt":"2024-05-10T05:53:35","slug":"loc-tra-tu-sa-hau-duc","status":"publish","type":"product","link":"https:\/\/traquantaman.vn\/index.php\/product\/loc-tra-tu-sa-hau-duc\/","title":{"rendered":"L\u1ecdc tr\u00e0 t\u1eed sa H\u1eadu \u0110\u1ee9c"},"content":{"rendered":"<p><img loading=\"lazy\" decoding=\"async\" class=\"alignnone size-full wp-image-534\" src=\"https:\/\/traquantaman.vn\/wp-content\/uploads\/2023\/09\/loc-tra-tu-sa-nghi-hung-8.jpg\" alt=\"\" width=\"750\" height=\"1341\" srcset=\"https:\/\/traquantaman.vn\/wp-content\/uploads\/2023\/09\/loc-tra-tu-sa-nghi-hung-8.jpg 750w, https:\/\/traquantaman.vn\/wp-content\/uploads\/2023\/09\/loc-tra-tu-sa-nghi-hung-8-168x300.jpg 168w, https:\/\/traquantaman.vn\/wp-content\/uploads\/2023\/09\/loc-tra-tu-sa-nghi-hung-8-573x1024.jpg 573w, https:\/\/traquantaman.vn\/wp-content\/uploads\/2023\/09\/loc-tra-tu-sa-nghi-hung-8-600x1073.jpg 600w\" sizes=\"auto, (max-width: 750px) 100vw, 750px\" \/> <img loading=\"lazy\" decoding=\"async\" class=\"alignnone size-full wp-image-533\" src=\"https:\/\/traquantaman.vn\/wp-content\/uploads\/2023\/09\/loc-tra-tu-sa-nghi-hung-7.jpg\" alt=\"\" width=\"750\" height=\"1349\" srcset=\"https:\/\/traquantaman.vn\/wp-content\/uploads\/2023\/09\/loc-tra-tu-sa-nghi-hung-7.jpg 750w, https:\/\/traquantaman.vn\/wp-content\/uploads\/2023\/09\/loc-tra-tu-sa-nghi-hung-7-167x300.jpg 167w, https:\/\/traquantaman.vn\/wp-content\/uploads\/2023\/09\/loc-tra-tu-sa-nghi-hung-7-569x1024.jpg 569w, https:\/\/traquantaman.vn\/wp-content\/uploads\/2023\/09\/loc-tra-tu-sa-nghi-hung-7-600x1079.jpg 600w\" sizes=\"auto, (max-width: 750px) 100vw, 750px\" \/> <img loading=\"lazy\" decoding=\"async\" class=\"alignnone size-full wp-image-531\" src=\"https:\/\/traquantaman.vn\/wp-content\/uploads\/2023\/09\/loc-tra-tu-sa-nghi-hung-5.jpg\" alt=\"\" width=\"750\" height=\"1140\" srcset=\"https:\/\/traquantaman.vn\/wp-content\/uploads\/2023\/09\/loc-tra-tu-sa-nghi-hung-5.jpg 750w, https:\/\/traquantaman.vn\/wp-content\/uploads\/2023\/09\/loc-tra-tu-sa-nghi-hung-5-197x300.jpg 197w, https:\/\/traquantaman.vn\/wp-content\/uploads\/2023\/09\/loc-tra-tu-sa-nghi-hung-5-674x1024.jpg 674w, https:\/\/traquantaman.vn\/wp-content\/uploads\/2023\/09\/loc-tra-tu-sa-nghi-hung-5-600x912.jpg 600w\" sizes=\"auto, (max-width: 750px) 100vw, 750px\" \/> <img loading=\"lazy\" decoding=\"async\" class=\"alignnone size-full wp-image-535\" src=\"https:\/\/traquantaman.vn\/wp-content\/uploads\/2023\/09\/loc-tra-tu-sa-nghi-hung-9.jpg\" alt=\"\" width=\"750\" height=\"649\" srcset=\"https:\/\/traquantaman.vn\/wp-content\/uploads\/2023\/09\/loc-tra-tu-sa-nghi-hung-9.jpg 750w, https:\/\/traquantaman.vn\/wp-content\/uploads\/2023\/09\/loc-tra-tu-sa-nghi-hung-9-300x260.jpg 300w, https:\/\/traquantaman.vn\/wp-content\/uploads\/2023\/09\/loc-tra-tu-sa-nghi-hung-9-600x519.jpg 600w\" sizes=\"auto, (max-width: 750px) 100vw, 750px\" \/> <img loading=\"lazy\" decoding=\"async\" class=\"alignnone size-full wp-image-537\" src=\"https:\/\/traquantaman.vn\/wp-content\/uploads\/2023\/09\/loc-tra-tu-sa-nghi-hung-11.jpg\" alt=\"\" width=\"750\" height=\"1008\" srcset=\"https:\/\/traquantaman.vn\/wp-content\/uploads\/2023\/09\/loc-tra-tu-sa-nghi-hung-11.jpg 750w, https:\/\/traquantaman.vn\/wp-content\/uploads\/2023\/09\/loc-tra-tu-sa-nghi-hung-11-223x300.jpg 223w, https:\/\/traquantaman.vn\/wp-content\/uploads\/2023\/09\/loc-tra-tu-sa-nghi-hung-11-600x806.jpg 600w\" sizes=\"auto, (max-width: 750px) 100vw, 750px\" \/> <img loading=\"lazy\" decoding=\"async\" class=\"alignnone size-full wp-image-532\" src=\"https:\/\/traquantaman.vn\/wp-content\/uploads\/2023\/09\/loc-tra-tu-sa-nghi-hung-6.jpg\" alt=\"\" width=\"750\" height=\"893\" srcset=\"https:\/\/traquantaman.vn\/wp-content\/uploads\/2023\/09\/loc-tra-tu-sa-nghi-hung-6.jpg 750w, https:\/\/traquantaman.vn\/wp-content\/uploads\/2023\/09\/loc-tra-tu-sa-nghi-hung-6-252x300.jpg 252w, https:\/\/traquantaman.vn\/wp-content\/uploads\/2023\/09\/loc-tra-tu-sa-nghi-hung-6-600x714.jpg 600w\" sizes=\"auto, (max-width: 750px) 100vw, 750px\" \/> <img loading=\"lazy\" decoding=\"async\" class=\"alignnone size-full wp-image-536\" src=\"https:\/\/traquantaman.vn\/wp-content\/uploads\/2023\/09\/loc-tra-tu-sa-nghi-hung-10.jpg\" alt=\"\" width=\"750\" height=\"904\" srcset=\"https:\/\/traquantaman.vn\/wp-content\/uploads\/2023\/09\/loc-tra-tu-sa-nghi-hung-10.jpg 750w, https:\/\/traquantaman.vn\/wp-content\/uploads\/2023\/09\/loc-tra-tu-sa-nghi-hung-10-249x300.jpg 249w, https:\/\/traquantaman.vn\/wp-content\/uploads\/2023\/09\/loc-tra-tu-sa-nghi-hung-10-600x723.jpg 600w\" sizes=\"auto, (max-width: 750px) 100vw, 750px\" \/> <img loading=\"lazy\" decoding=\"async\" class=\"alignnone size-full wp-image-538\" src=\"https:\/\/traquantaman.vn\/wp-content\/uploads\/2023\/09\/loc-tra-tu-sa-nghi-hung-12.jpg\" alt=\"\" width=\"750\" height=\"910\" srcset=\"https:\/\/traquantaman.vn\/wp-content\/uploads\/2023\/09\/loc-tra-tu-sa-nghi-hung-12.jpg 750w, https:\/\/traquantaman.vn\/wp-content\/uploads\/2023\/09\/loc-tra-tu-sa-nghi-hung-12-247x300.jpg 247w, https:\/\/traquantaman.vn\/wp-content\/uploads\/2023\/09\/loc-tra-tu-sa-nghi-hung-12-600x728.jpg 600w\" sizes=\"auto, (max-width: 750px) 100vw, 750px\" \/><\/p>\n","protected":false},"excerpt":{"rendered":"<p><strong><span>[T\u00ean s\u1ea3n ph\u1ea9m] L\u1ecdc tr\u00e0 t\u1eed sa H\u1eadu \u0110\u1ee9c<\/span><\/strong><\/p>\n<p><strong>[Ch\u1ea5t li\u1ec7u] Nguy\u00ean qu\u00e1ng chu n\u00ea<\/strong><\/p>\n<p><strong>[L\u1ecdc n\u01b0\u1edbc] L\u1ecdc t\u1ed5 ong<\/strong><\/p>\n<p><strong><span>[K\u00edch th\u01b0\u1edbc] \u0110\u01b0\u1eddng k\u00ednh: 7,6cm T\u1ed5ng chi\u1ec1u cao: 6,4cm<\/span><\/strong><\/p>\n<p><strong>[Ch\u1ebf t\u00e1c] Th\u1ee7 c\u00f4ng<\/strong><\/p>\n<p><strong><span>[Gi\u1edbi thi\u1ec7u] B\u1ed9 l\u1ecdc tr\u00e0 t\u1eed sa n\u00e0y c\u00f3 h\u00ecnh d\u00e1ng v\u00e0 trang tr\u00ed \u0111\u01a1n gi\u1ea3n, trang nh\u00e3, th\u00edch h\u1ee3p d\u00f9ng cho u\u1ed1ng tr\u00e0 b\u1ed3i b\u1ed5 c\u01a1 th\u1ec3. Th\u00e2n c\u1ed1c c\u00f3 nh\u1eefng \u0111\u01b0\u1eddng n\u00e9t t\u1ef1 nhi\u00ean, vi\u1ec1n m\u1ecbn, \u0111\u00e1y g\u1ecdn g\u00e0ng, mi\u1ec7ng n\u00f4ng, l\u1ecdc m\u1ecbn. Ngo\u00e0i ra, chi\u1ebfc c\u1ed1c n\u00e0y c\u00f2n \u0111\u01b0\u1ee3c l\u00e0m t\u1eeb nguy\u00ean kho\u00e1ng chu n\u00ea, c\u00f3 k\u1ebft c\u1ea5u \u0111\u01a1n gi\u1ea3n, h\u01b0\u01a1ng v\u1ecb \u00eam d\u1ecbu v\u00e0 m\u00e0u s\u1eafc n\u1ed5i b\u1eadt.<\/span><\/strong><\/p>\n","protected":false},"featured_media":527,"comment_status":"open","ping_status":"closed","template":"","meta":[],"product_cat":[19,27],"product_tag":[],"class_list":{"0":"post-526","1":"product","2":"type-product","3":"status-publish","4":"has-post-thumbnail","6":"product_cat-tra-cu","7":"product_cat-loc-tra","9":"first","10":"instock","11":"shipping-taxable","12":"purchasable","13":"product-type-simple"},"_links":{"self":[{"href":"https:\/\/traquantaman.vn\/index.php\/wp-json\/wp\/v2\/product\/526","targetHints":{"allow":["GET"]}}],"collection":[{"href":"https:\/\/traquantaman.vn\/index.php\/wp-json\/wp\/v2\/product"}],"about":[{"href":"https:\/\/traquantaman.vn\/index.php\/wp-json\/wp\/v2\/types\/product"}],"replies":[{"embeddable":true,"href":"https:\/\/traquantaman.vn\/index.php\/wp-json\/wp\/v2\/comments?post=526"}],"wp:featuredmedia":[{"embeddable":true,"href":"https:\/\/traquantaman.vn\/index.php\/wp-json\/wp\/v2\/media\/527"}],"wp:attachment":[{"href":"https:\/\/traquantaman.vn\/index.php\/wp-json\/wp\/v2\/media?parent=526"}],"wp:term":[{"taxonomy":"product_cat","embeddable":true,"href":"https:\/\/traquantaman.vn\/index.php\/wp-json\/wp\/v2\/product_cat?post=526"},{"taxonomy":"product_tag","embeddable":true,"href":"https:\/\/traquantaman.vn\/index.php\/wp-json\/wp\/v2\/product_tag?post=526"}],"curies":[{"name":"wp","href":"https:\/\/api.w.org\/{rel}","templated":true}]}}